ert -17188a6 (base 11) to base 14.
-5620d5
What is 680767 (base 9) in base 12?
17792a
-1103740 (base 8) to base 3
-120002022100
What is 76056 (base 9) in base 10?
50352
What is 2242440 (base 5) in base 11?
28370
-25e8e (base 15) to base 11
-83242
Convert -24271 (base 15) to base 9.
-185147
What is 82884 (base 13) in base 8?
711546
Convert -1216511 (base 9) to base 12.
-27a561
Convert 1010111011110100 (base 2) to base 4.
22323310
11255113 (base 6) to base 3
122202202200
What is -1133121010 (base 4) in base 16?
-5f644
Convert 179a0f (base 16) to base 11.
967122
21203223 (base 4) to base 11
27459
What is 11012201001 (base 3) in base 10?
82891
-197a9a (base 12) to base 16
-6da56
-41421 (base 13) to base 6
-2302200
What is -202112222021 (base 3) in base 2?
-1100010110001011111
Convert 7502352 (base 9) to base 12.
1418848
-110001000011100101110010 (base 2) to base 12
-4381baa
43672214 (base 8) to base 13
1c42311
Convert 1103210301 (base 4) to base 7.
2624010
What is -2022102021101 (base 3) in base 2?
-100101011111100010100
Convert -17a848 (base 11) to base 8.
-1036554
Convert -26b4304 (base 14) to base 2.
-1000111011010010110100000
Convert 1452358 (base 9) to base 10.
802196
2775a (base 12) to base 16
d576
What is -246163 (base 10) in base 9?
-414604
What is 20a9c (base 13) in base 14?
176a1
What is -18b41 (base 14) in base 7?
-350311
Convert -14104002 (base 6) to base 2.
-1110100000001000010
What is -13404153 (base 6) in base 10?
-451941
What is 6c946 (base 15) in base 5?
42040331
What is -427400 (base 9) in base 4?
-332030121
What is -10010000010011011101 (base 2) in base 5?
-122403234
Convert 3431212 (base 9) to base 6.
103401532
-100010101101011000100 (base 2) to base 3
-2010210011000
-2878237 (base 9) to base 14
-2d4617
What is -2138ba (base 12) in base 4?
-2000021032
What is -15542 (base 11) in base 12?
-1084b
What is -10012011011 (base 3) in base 10?
-62806
What is -9a2a0 (base 11) in base 6?
-3041143
4a877 (base 13) to base 6
2541200
Convert 15052342 (base 6) to base 12.
2110b2
12112210313 (base 4) to base 2
110010110100100110111
-112143142 (base 5) to base 6
-14502451
What is -550237 (base 8) in base 16?
-2d09f
Convert 74434 (base 10) to base 16.
122c2
Convert 26dd0 (base 14) to base 7.
546650
Convert -1178171 (base 15) to base 14.
-1942d3c
What is 3155502 (base 6) in base 7?
1215212
-13152570 (base 8) to base 13
-7bb4cb
What is 201210122112 (base 3) in base 6?
12204235
4b0711 (base 12) to base 10
1224445
What is -21433211 (base 5) in base 8?
-554471
322330224 (base 5) to base 15
1c11e4
What is 130323103 (base 4) in base 8?
347323
What is 4104232 (base 6) in base 15?
3cd3b
Convert 662de (base 15) to base 11.
201a15
What is 201001110111 (base 3) in base 5?
44000133
3b68 (base 12) to base 7
25652
-6340250 (base 7) to base 2
-10111011000001100100
-31223123111 (base 4) to base 15
-4ac69e
What is -195a12 (base 11) in base 7?
-2361446
Convert 312071 (base 11) to base 10.
500534
What is 53666 (base 11) in base 8?
230254
Convert 1020000122112 (base 3) to base 4.
2132230130
Convert 503125 (base 7) to base 6.
1454044
What is -5055314 (base 6) in base 3?
-110020112101
What is -4949 (base 15) in base 6?
-200110
-13a464 (base 12) to base 11
-205186
1644c0 (base 13) to base 6
15500503
-6402532 (base 7) to base 9
-1408744
What is 12880 (base 15) in base 9?
100303
What is 28c66f (base 16) in base 3?
12000202121211
Convert 230040333 (base 5) to base 15.
151a63
-7417236 (base 9) to base 2
-1111001000110010001110
Convert 6bb60 (base 12) to base 16.
236b8
Convert -43234011 (base 5) to base 16.
-59d86
Convert -3640503 (base 7) to base 6.
-13534253
What is -159a3b9 (base 12) in base 14?
-836189
Convert 121202122 (base 4) to base 11.
71653
What is 636360 (base 11) in base 13?
298863
4104310 (base 5) to base 13
24199
What is 6460620 (base 7) in base 9?
1430633
Convert 2264554 (base 7) to base 11.
185118
-78831 (base 15) to base 3
-201110200101
What is 21211121202200 (base 3) in base 13?
b2abc5
Convert 23613322 (base 7) to base 12.
855a44
1111202100110 (base 3) to base 8
3036553
Convert 4634c (base 13) to base 8.
371775
What is 15506410 (base 7) in base 10?
1498084
51835 (base 16) to base 14
89965
-20111021211 (base 3) to base 14
-347d8
-3291138 (base 10) to base 15
-450243
Convert 77ac0 (base 13) to base 12.
a5800
What is -4495081 (base 11) in base 10?
-7868961
1897533 (base 11) to base 2
1100001101101010100000
-302420001 (base 5) to base 12
-4a8264
-11111000110100101011000 (base 2) to base 6
-450431212
What is b5c357 (base 13) in base 8?
20164423
What is 100011121020 (base 3) in base 11?
113682
Convert 212231203131 (base 4) to base 10.
10148061
Convert -1121300244 (base 5) to base 9.
-4667667
Convert 2323113120 (base 4) to base 2.
10111011010111011000
What is 1c7081 (base 14) in base 16?
f8919
-314871 (base 9) to base 11
-118826
What is 201222000000 (base 3) in base 4?
1133323203
What is -9a6210 (base 11) in base 4?
-12013220030
Convert 110101111110010 (base 2) to base 14.
a0dc
What is 331011200 (base 4) in base 14?
67280
1604998 (base 14) to base 9
22233688
-addc67 (base 14) to base 3
-102010112220100
-2158411 (base 12) to base 3
-102221001022211
Convert -21596 (base 11) to base 6.
-401003
-2672274 (base 8) to base 11
-473088
Convert 32132302 (base 6) to base 11.
596268
What is 1102401351 (base 6) in base 14?
18142c3
Convert -1366774 (base 10) to base 16.
-14daf6
What is -341128 (base 14) in base 16?
-1b0280
22213043 (base 6) to base 9
1232030
What is -2253153 (base 6) in base 16?
-1c55d
Convert -552853 (base 11) to base 13.
-24b6a7
What is -10cc7d5 (base 15) in base 9?
-24581282
Convert d8eaa (base 15) to base 4.
2220010303
-32e7f (base 16) to base 11
-132726
Convert 226011 (base 8) to base 5.
4424214
Convert 200bb0 (base 14) to base 7.
12106510
What is 303433314 (base 6) in base 3?
100210221001101
-1744557 (base 8) to base 3
-221221000201
Convert 10211027 (base 9) to base 15.
66e507
What is -c039d (base 16) in base 13?
-2174bc
What is -1198b34 (base 12) in base 6?
-201355304
Convert 7900c (base 14) to base 5.
33343440
What is -236317a (base 13) in base 11?
-61a6759
Convert -46331206 (base 7) to base 5.
-2014330022
What is -2a347a (base 12) in base 11?
-446103
What is 2010202021210 (base 3) in base 5?
242333341
What is 86727 (base 10) in base 14?
2386b
-eaa6a0 (base 15) to base 9
-23018116
720116 (base 9) to base 15
865c6
What is -10010001100111001101001 (base 2) in base 10?
-4771433
-62002f (base 16) to base 3
-110002022010011
3010342 (base 5) to base 11
32840
244776 (base 8) to base 6
1451034
22464770 (base 8) to base 12
1772274
1110111101011100 (base 2) to base 7
343435
Convert -21311224 (base 5) to base 6.
-3522520
Convert 49228 (base 10) to base 8.
140114
What is 1055166 (base 7) in base 4?
200012022
296a030 (base 11) to base 3
100120210100011
Convert -3243034144 (base 5) to base 15.
-934bd4
dbc3 (base 16) to base 4
31233003
-14344401 (base 5) to base 15
-3056b
Convert c51cb (base 13) to base 12.
150a85
What is -166256003 (base 7) in base 2?
-101011101101110000110001
-2200010102 (base 3) to base 9
-80112
Convert 34dba (base 16) to base 14.
58c8a
79abe (base 16) to base 8
1715276
What is -14476255 (base 8) in base 3?
-20020002201002
Convert -110110110101111010 (base 2) to base 8.
-666572
What is -21514431 (base 6) in base 16?
-9e233
-3609dd (base 16) to base 7
-42046661
Convert -42601a (base 15) to base 16.
-3033f1
5818700 (base 10) to base 8
26144514
What is 44111521 (base 7) in base 16?
39bf83
-4b9d2 (base 14) to base 15
-3a0b6
What is 526ba (base 13) in base 9?
245461
Convert -40c7d6 (base 15) to base 13.
-83aa6b
Convert -52515115 (base 7) to base 13.
-bc6659
What is -11220000222212 (base 3) in base 14?
-4b9185
-2241054 (base 7) to base 16
-44172
Convert 11515134 (base 6) to base 3.
200200200011
Convert -370b2c (base 15) to base 14.
-4c83d7
-1003210 (base 8) to base 2
-1000000011010001000
What is -682370 (base 9) in base 6?
-12431230
What is 143332 (base 7) in base 2?
110101111011010
Convert -2259240 (base 10) to base 13.
-611439
What is 11101110000110111 (base 2) in base 13?
4364a
What is 67b819 (base 14) in base 6?
203335343
What is 22790 (base 14) in base 6?
1444014
-20346401 (base 7) to base 5
-414144431
What is -276857 (base 9) in base 4?
-2211